millions digit of 14252529?
1
What is the tens digit of 741414?
1
What is the thousands digit of 6515533?
5
What is the hundred thousands digit of 274163?
2
What is the thousands digit of 1663236?
3
What is the hundred thousands digit of 13168310?
1
What is the thousands digit of 1670106?
0
What is the units digit of 5850548?
8
What is the tens digit of 4070506?
0
What is the hundreds digit of 31085095?
0
What is the hundred thousands digit of 631011?
6
What is the hundreds digit of 164346?
3
What is the hundreds digit of 330819?
8
What is the hundreds digit of 795514?
5
What is the thousands digit of 8100818?
0
What is the millions digit of 4897198?
4
What is the units digit of 25499695?
5
What is the tens digit of 134393?
9
What is the hundreds digit of 76706?
7
What is the units digit of 5642181?
1
What is the units digit of 6921384?
4
What is the hundred thousands digit of 1086053?
0
What is the thousands digit of 22985?
2
What is the tens digit of 25682?
8
What is the hundred thousands digit of 201736?
2
What is the tens digit of 1278458?
5
What is the units digit of 396431?
1
What is the hundred thousands digit of 1886154?
8
What is the ten millions digit of 10819533?
1
What is the hundreds digit of 14067238?
2
What is the hundreds digit of 221009?
0
What is the millions digit of 2193301?
2
What is the thousands digit of 13456907?
6
What is the millions digit of 1270302?
1
What is the units digit of 2461444?
4
What is the thousands digit of 1883454?
3
What is the hundred thousands digit of 4430917?
4
What is the hundred thousands digit of 1532458?
5
What is the hundreds digit of 1512263?
2
What is the ten thousands digit of 6657302?
5
What is the ten thousands digit of 4509028?
0
What is the thousands digit of 1507955?
7
What is the tens digit of 821404?
0
What is the hundreds digit of 8113274?
2
What is the units digit of 44203?
3
What is the ten thousands digit of 5173575?
7
What is the hundreds digit of 6335841?
8
What is the units digit of 125045?
5
What is the thousands digit of 844432?
4
What is the hundreds digit of 18585565?
5
What is the hundred thousands digit of 788840?
7
What is the hundreds digit of 70973?
9
What is the units digit of 871774?
4
What is the thousands digit of 512720?
2
What is the ten thousands digit of 1001514?
0
What is the hundred thousands digit of 6111008?
1
What is the units digit of 243366?
6
What is the units digit of 202018?
8
What is the units digit of 1447798?
8
What is the ten thousands digit of 127457?
2
What is the hundred thousands digit of 191321?
1
What is the ten millions digit of 33474350?
3
What is the hundreds digit of 8964591?
5
What is the thousands digit of 296086?
6
What is the thousands digit of 23358507?
8
What is the units digit of 335056?
6
What is the hundreds digit of 82269?
2
What is the tens digit of 112495?
9
What is the thousands digit of 9397651?
7
What is the hundred thousands digit of 4980165?
9
What is the ten thousands digit of 1484966?
8
What is the hundreds digit of 4618223?
2
What is the units digit of 247104?
4
What is the ten thousands digit of 357321?
5
What is the thousands digit of 31484?
1
What is the hundred thousands digit of 237406?
2
What is the units digit of 26509927?
7
What is the hundreds digit of 314753?
7
What is the units digit of 139748?
8
What is the thousands digit of 276194?
6
What is the thousands digit of 5291402?
1
What is the thousands digit of 32929661?
9
What is the hundreds digit of 1097537?
5
What is the millions digit of 10645413?
0
What is the thousands digit of 871847?
1
What is the thousands digit of 268552?
8
What is the thousands digit of 183581?
3
What is the units digit of 624595?
5
What is the hundreds digit of 360029?
0
What is the hundreds digit of 288874?
8
What is the hundreds digit of 7286299?
2
What is the ten millions digit of 26742262?
2
What is the hundred thousands digit of 26203555?
2
What is the units digit of 22946031?
1
What is the ten thousands digit of 5793749?
9
What is the thousands digit of 11964119?
4
What is the units digit of 1255994?
4
What is the units digit of 60561?
1
What is the tens digit of 486037?
3
What is the units digit of 242543?
3
What is the units digit of 4559897?
7
What is the hundreds digit of 2692346?
3
What is the hundreds digit of 860239?
2
What is the ten thousands digit of 5812423?
1
What is the hundreds digit of 110583?
5
What is the ten thousands digit of 481431?
8
What is the tens digit of 9132308?
0
What is the hundred thousands digit of 5659071?
6
What is the units digit of 91566?
6
What is the hundreds digit of 29821?
8
What is the tens digit of 158634?
3
What is the hundreds digit of 2814779?
7
What is the units digit of 309947?
7
What is the ten thousands digit of 192647?
9
What is the tens digit of 113780?
8
What is the hundreds digit of 2495007?
0
What is the units digit of 2300791?
1
What is the hundreds digit of 1489715?
7
What is the thousands digit of 2515697?
5
What is the hundreds digit of 2576997?
9
What is the tens digit of 70365?
6
What is the hundred thousands digit of 9965149?
9
What is the ten thousands digit of 1331375?
3
What is the millions digit of 4713140?
4
What is the tens digit of 996328?
2
What is the units digit of 214443?
3
What is the thousands digit of 316656?
6
What is the hundred thousands digit of 9797865?
7
What is the units digit of 189250?
0
What is the ten thousands digit of 199831?
9
What is the thousands digit of 82003?
2
What is the ten thousands digit of 7901352?
0
What is the tens digit of 6546980?
8
What is the hundred thousands digit of 699069?
6
What is the thousands digit of 5308932?
8
What is the units digit of 1178064?
4
What is the ten thousands digit of 9224401?
2
What is the thousands digit of 76924?
6
What is the tens digit of 311869?
6
What is the hundreds digit of 250635?
6
What is the hundred thousands digit of 520200?
5
What is the hundreds digit of 1799170?
1
What is the units digit of 6397403?
3
What is the ten thousands digit of 325362?
2
What is the hundred thousands digit of 497854?
4
What is the ten thousands digit of 149064?
4
What is the units digit of 1668961?
1
What is the units digit of 451191?
1
What is the hundred thousands digit of 4351130?
3
What is the units digit of 841981?
1
What is the hundreds digit of 834246?
2
What is the units digit of 35169?
9
What is the tens digit of 261377?
7
What is the thousands digit of 225018?
5
What is the tens digit of 21160?
6
What is the units digit of 69669?
9
What is the hundreds digit of 331524?
5
What is the hundred thousands digit of 2989152?
9
What is the hundred thousands digit of 300170?
3
What is the hundred thousands digit of 1844408?
8
What is the ten thousands digit of 20980532?
8
What is the units digit of 8176280?
0
What is the thousands digit of 368616?
8
What is the millions digit of 2485646?
2
What is the hundreds digit of 266976?
9
What is the hundred thousands digit of 1346743?
3
What is the thousands digit of 32058?
2
What is the tens digit of 99819?
1
What is the thousands digit of 46846?
6
What is the tens digit of 178052?
5
What is the hundred thousands digit of 463598?
4
What is the thousands digit of 665102?
5
What is the units digit of 9311545?
5
What is the tens digit of 4435556?
5
What is the ten thousands digit of 114960?
1
What is the hundreds digit of 398318?
3
What is the units digit of 3626789?
9
What is the millions digit of 1265145?
1
What is the hundred thousands digit of 797495?
7
What is the units digit of 4223208?
8
What is the units digit of 430410?
0
What is the ten thousands digit of 8057537?
5
What is the thousands digit of 520331?
0
What is the hundred thousands digit of 1196370?
1
What is the hundred thousands digit of 370575?
3
What is the units digit of 1717396?
6
What is the tens digit of 62624?
2
What is the thousands digit of 9902801?
2
What is the thousands digit of 754576?
4
What is the units digit of 104445?
5
What is the hundreds digit of 246129?
1
What is the thousands digit of 195099?
5
What is the tens digit of 244979?
7
What is the hundred thousands digit of 6099096?
0
What is the ten thousands digit of 179969?
7
What is the millions digit of 1692984?
1
What is the ten thousands digit of 915154?
1
What is the tens